. What is s(x)?
4
Let o(x) = 66*x**2 - 11*x + 24. Let z(q) = -27*q**2 + 6*q - 11. Let h(m) = -4*o(m) - 10*z(m). Give h(1).
4
Suppose 0 = -47*w + 49*w - 16, 3*q = -w + 8. Let z(i) = -i**2 + 3*i + 8. Calculate z(q).
8
Let t(m) = m**3 + 5*m**2 - 5*m + 5. Let x(o) = -4*o + 99. Let c be x(24). Let w be c/6*(-2 - -8)*-2. What is t(w)?
-1
Let r(d) = -d**2 - 5*d + 33. Suppose 99*w - 17 = 104*w - 3*f, 4*w - 5*f - 2 = 0. Calculate r(w).
19
Let v(c) = 2*c**3 - 20*c**2 - 20*c - 24. Let o be v(11). Let i(p) = 12*p + 192. Let t(s) = s + 12. Let m(u) = 2*i(u) - 33*t(u). Give m(o).
6
Let i(j) = -23*j**2 + 4*j - 3. Let z(o) = -520*o + 521. Let d be z(1). Calculate i(d).
-22
Let p(n) be the third derivative of n**5/60 + n**4/4 - 8*n**3 - 2754*n**2. Determine p(5).
7
Suppose -y + 6 = -7*y. Let o(r) = 9*r. Let k(v) = v. Let w(l) = y*o(l) + 3*k(l). Give w(-1).
6
Let m(y) = y**3 + 21*y**2 + 11*y + 252. Let x be m(-21). Let z(b) = -b**3 + 20*b**2 + 22*b - 8. Determine z(x).
13
Suppose 0 = -7*y + 6 - 20. Let o be (-16)/(-7) - (32/14 + y). Let i(a) = -6 + 1 + 155*a**2 - 154*a**o. Give i(4).
11
Let g(p) = -p**2 - 9*p - 5. Let w be g(-5). Let d(n) = -2*n**2 + 29*n + 19. Let z be d(w). Let t(i) = -i**3 + 4*i**2 + 3*i - 5. Calculate t(z).
7
Let a(w) = -w**2 - 6*w - 8. Let x be (-24850)/55 - (-1)/(33/(-6)). Let y = -461 - x. Calculate a(y).
-35
Suppose 9 = w + 5*l, 4*l - 2 - 1 = -5*w. Let a(c) be the third derivative of c**4/24 - c**3/6 - 13*c**2. Determine a(w).
-2
Let w(c) be the second derivative of -11/6*c**3 + 0 - 1/24*c**4 - c - 10*c**2. Let i(g) be the first derivative of w(g). What is i(-8)?
-3
Let x(b) = -b**2 + 7*b + 2. Let o be x(0). Let n(w) = 12*w - 1. Let y(m) = 17*m. Let t(h) = 3*n(h) - 2*y(h). Determine t(o).
1
Let r(h) = 3*h + 64. Let n = -4385 - -4367. What is r(n)?
10
Suppose 72 = -18*q - 0. Let u(f) be the first derivative of -3*f**2/2 - 5*f + 44. What is u(q)?
7
Suppose 2*h - 9 - 5 = -5*p, 2*h + 6 = 5*p. Let v(y) be the first derivative of y**4/4 + y**3/3 + y**2 - y + 230. Give v(h).
15
Let v be (3 - 36/20)/((-8)/(-300)). Let d(f) = -40*f - v*f + 2*f**2 - 5*f**2 + 4*f**2 - 41 + 64*f. Calculate d(23).
5
Suppose -5*b = 2*n - 201, 4*b - 126 = -5*n + 45. Let x = b - 23. Let u(h) = -h**3 + 23*h - 11 + x*h - 40*h. Determine u(0).
-11
Let j(q) = -86*q + 544. Let f(o) = -64*o + 408. Let h(b) = -11*f(b) + 8*j(b). What is h(8)?
-8
Let z(b) = -b**2 - 6*b - 1. Suppose -3*j + 59 - 47 = 0. Let f be 18/(-27) - j/3. Let h be f/(3*(-4)/(-24)). Calculate z(h).
7
Let x(o) be the first derivative of o**2/2 - 4. Suppose 0 = 3*n - 27 + 12. Suppose -2*l - 8 = -3*u, 0*u + n*u + 2*l = 8. Calculate x(u).
2
Let z(v) = 3*v**2 + 31*v + 15. Suppose 7*h + 5*p = 3*h - 40, 2*h - 6*p = -20. What is z(h)?
5
Let v(a) = -4*a**2 + 2*a - 1. Suppose 0 = -5*s - 5*j - 20, -3 = -2*j - 9. Let u be s*((-6)/33 + 4/22). Let c be (-5 + 2 + 2 + u)/(-1). Give v(c).
-3
Let f(i) = -114*i + 54*i + 56*i. Let s(b) = 9*b - 4. Let p(y) = -2*f(y) - s(y). Calculate p(-9).
13
Suppose -2*r + 6 + 6 = 0. Let j(z) = z**3 + 37*z**2 + 19*z - 44. Let y(x) = -7*x**2 - 4*x + 7. Let i(g) = j(g) + 6*y(g). Calculate i(r).
4
Let v(r) = 19*r - 1. Let n = -49 - -47. Let u(h) = h**2 + 2*h + 5. Let m be u(n). Suppose -m*q - 5 = -0. What is v(q)?
-20
Let c(z) = z**2 + 2*z + 101. Let f be 0/(3/(2 - 5*33/60)). Calculate c(f).
101
Suppose 3*k = -8 - 1. Let p be (1/(k/30*2))/(-1). Let j(o) = -o**2 - 9*o - 2 + 8*o - p*o. Calculate j(-3).
7
Let t(b) = -4*b**3 + 5*b**2 + 2*b - 6. Let w = 5 - -1. Let g(l) = -3 + w*l**2 + 2*l - 8 + 8 - 4 - 5*l**3. Let u(p) = -3*g(p) + 4*t(p). Calculate u(2).
1
Let q(c) = c**2 + 3*c - 3. Let u = -3978 - -3971. Give q(u).
25
Let l = -3195 + 3189. Let s(m) be the first derivative of m**2/2 + 8*m + 3. What is s(l)?
2
Let b be 6/13*182/(-112)*-8. Let i(u) = u**3 - 8*u**2 + 15*u - 28. Calculate i(b).
-10
Let m be 2/(-1*6/9). Let r(i) = i**2 - i + 1. Let a(q) = 4*q**2 + 3. Let u(j) = m*r(j) + a(j). Let b(w) = -w**2 + 6*w - 5. Let g be b(2). Give u(g).
18
Suppose 0 = 33*p + 26*p + 54398. Let x = 930 + p. Let y(n) = 4*n + 2. Determine y(x).
34
Let j(u) be the first derivative of -u**3/3 + 2*u + 989. Determine j(-6).
-34
Let n(a) = 6*a - 27. Let b(o) be the second derivative of -o**3/6 + 5*o**2/2 + 194*o. Let g(m) = -11*b(m) - 2*n(m). Calculate g(7).
-8
Suppose -879 = 7*x + 1438. Let f = x + 325. Let i(k) = -k**3 - 5*k**2 + 7*k + 5. Calculate i(f).
-1
Let c = -587 - -587. Suppose -2*x = 3*n + 22, c = -31*x + 30*x - 2*n - 13. Let l(b) = b**2 + 2*b - 6. Give l(x).
9
Let h(y) = 2*y**2 - 57*y - 48. Let u(o) = -4*o**2 + 119*o + 97. Let l(v) = 9*h(v) + 4*u(v). Give l(19).
-25
Suppose 85*q - 78*q = 1197. Let b be 3/21 + q/(-21). Let n(t) = 7 + 1 - 9 + 3 + 8*t**2 + t**3. Determine n(b).
2
Let f(b) = -b + 1 - 2*b + 2*b - 3*b + 3*b. What is f(-13)?
14
Let j(m) = -m**3 + 7*m**2 + m - 4. Suppose h - 8 = 0, -3926*l + 3930*l + 5*h = 60. What is j(l)?
51
Let a = 5 - 3. Let p(t) = t - 81. Let v(r) = 7*r - 483. Let q(z) = 6*p(z) - v(z). Give q(a).
-5
Let a(m) be the second derivative of -4*m**3/3 - 5*m**2/2 - 9*m - 6. Let n be a(-1). Let k(s) = -14*s + 3. Determine k(n).
-39
Let k(x) be the third derivative of x**5/60 - x**4/12 - x**3/3 - 403*x**2 - 3. Suppose -6*q + q = 2*v - 29, 2*q - 26 = 4*v. Calculate k(q).
33
Let m(l) = l + 45. Let q(p) = p**2 - 3*p + 38. Let s(g) = m(g) - q(g). What is s(9)?
-38
Let z(x) = -x**2 + 7*x + 22. Let j(y) = y**2 - 59*y + 609. Let d be j(46). Give z(d).
-22
Let o = 1824 + -1829. Let y(r) = 7*r**3 + 10*r**2 + 5*r. Let u(c) = -4*c**3 - 5*c**2 - 3*c. Let b(j) = -5*u(j) - 3*y(j). Calculate b(o).
0
Suppose -t - 2 = 0, 3*t = -2*q - q. Let l(v) = -v**q + 5*v - 13*v + 5391 - 5399. Give l(-8).
-8
Let r(s) = -s**2 + s - 3. Let g be (11/(-55) + 7/10)/((-6)/(-36)). Determine r(g).
-9
Let t(d) = -d**3 - 3*d**2 - 5*d - 10. Let k be t(-3). Let z be (k + (-5)/5)*2/4. Let v(r) = -8*r**2 - 3 + 2 - 5*r**z + 12*r**2. Give v(2).
-5
Let m(v) = 5*v**2 - 8*v - 3*v + 10*v + v**3 + 6*v + 28 + 0*v. Calculate m(-5).
3
Let y(s) = -s**2 + 14*s - 37. Let a be y(7). Suppose 0 = -6*b + 2*b + 4*j + 32, 0 = -3*b - j + a. Let g(l) = l**2 - 2*l - 7. Calculate g(b).
8
Let b(h) be the second derivative of h**5/20 + h**3/3 - h**2 - 4*h + 2. Suppose 60 - 51 = 9*t. Give b(t).
1
Let o(a) = -26*a**3 + 12*a**2 - 27*a + 45. Let h(m) = -74*m**3 + 36*m**2 - 80*m + 137. Let g(y) = 6*h(y) - 17*o(y). Give g(5).
2
Let q = -13500 + 13505. Let w(b) = 6*b**2 - 13*b + 8. What is w(q)?
93
Let a(r) = -r**2 - 5*r - 3. Let x(c) = -8*c**2 - 3*c - 111. Let b(o) = -7*a(o) + x(o). What is b(29)?
-3
Suppose -2*r - 118 = -2*k, -4*k = -4*r - r - 231. Let t = k + -46. Let c(m) = m**2 - 6*m + t - 26 - 2*m**2. Give c(-6).
-8
Let x(t) = -t**2 + 9*t - 54. Let p(j) = -j**2 + 18*j - 54. Let w(o) = -3*p(o) + 4*x(o). What is w(-14)?
2
Let s(h) be the second derivative of h**5/20 - h**4/6 - h**3/6 - h**2/2 + 7*h. Let w be (-6)/(-12) + 22/4. Suppose w*u + 2*u = 16. Determine s(u).
-3
Let l(y) = y**3 + y**2 + y - 1. Let d be (4/6)/((-4)/90*-3). Suppose 3*t + m = -277, d*t + m + 448 = -15. Let i = 93 + t. Determine l(i).
-1
Let r(z) = -z**2 - 4*z - 3*z - 6 + 14. Let w be r(-7). Let t(f) be the first derivative of -f**4/4 + 3*f**3 - 5*f**2 + 9*f - 2443. Calculate t(w).
-7
Let q = -20 - -24. Let x be (-8)/3 - (52/12 - q). Let b(j) = -8 + 2*j**3 - 2 + 3*j + 17 - 4 + 5*j**2. Determine b(x).
-15
Let j = 3317 + -3317. Let h(c) be the second derivative of c**5/20 + c**4/12 + 5*c**2 - 10*c - 1. Determine h(j).
10
Suppose -216 = 7*j - 230. Let h(t) be the first derivative of -4*t - 7/2*t**j - 2/3*t**3 + 8. Calculate h(-4).
-8
Let s be ((-102)/(-306))/((-1)/(-3) - 0). Suppose -3*p = 3*p + 6. Let f(y) = 24*y - 20. Let j(z) = z - 1. Let d(b) = p*f(b) + 20*j(b). Determine d(s).
-4
Let l(a) = -a**2 - a + 1. Suppose 1034 = 33*b + 209. Suppose 5*d - 9*i + b = -6*i, 3*i = 3*d + 21. Give l(d).
-1
Let m be (-5)/((-4533)/1506 + 3). Let g = m + -499. Let p(d) = 5*d + 5. Determine p(g).
20
Let h = 20214 - 20216. Let i(g) be the first derivative of g**3 - 1. Calculate i(h).
12
Let h(l) be the third derivative of l**7/840 + l**4/12 + 35*l**3/6 - 44*l**2 + 4*l. Let q(w) be the first derivative of h(w). Calculate q(0).
2
Let p be 1*((2 - 0) + 2). Suppose p + 5 = -3*h. Let b(d) = 5*d - 103. Let j(